/3). Let i(d) = 207*d - 750. Let f be i(4). What is the greatest common factor of f and l?
39
Suppose 2*j - 8 = 2*q + 2, 15 = -5*q. Suppose 122 = 2*k + 12. Suppose 5*f - 4*c = 70, -k = -5*f + j*f + 5*c. What is the highest common divisor of f and 15?
5
Let g = -25 + 10. Let c = 5 - g. Let f(k) = -5*k**2 - 113*k - 16. Let q be f(-22). What is the highest common factor of q and c?
10
Suppose -4*a + 937 = -x, -x + 2*x = -1. Let w(b) = 2*b**2 + 88*b + 570. Let v be w(-7). What is the greatest common divisor of v and a?
26
Suppose 6*h - 25 = 5. Suppose -h*s + 47 = -2*n - 192, -s - n + 52 = 0. Let p = -22 + s. What is the highest common divisor of p and 81?
27
Suppose 9*g = 203 - 68. Let l = -22 - -22. Suppose 0 = 5*p - f + 2*f - 54, l = 5*p + 5*f - 70. What is the highest common factor of p and g?
5
Let b = -8449 + 9393. Calculate the greatest common factor of 177 and b.
59
Let n = -7408 - -10007. Calculate the highest common divisor of 46 and n.
23
Suppose 10*f - 5*f - 110 = 0. Suppose 2*l - f = -0*l. Let w(j) = j**3 - 10*j**2 + 2*j + 2. Let z be w(l). What is the greatest common divisor of z and 29?
29
Let w = 57 + 231. Suppose 0 = 4*t - 4*d - w, 13*t = 8*t - 5*d + 360. What is the highest common factor of 8 and t?
8
Suppose -5*j + 39*r = 37*r - 167, -160 = -5*j - 5*r. What is the highest common divisor of j and 484?
11
Let f be 1 + -2 + 9 + -2. Let n = -92522 - -92552. What is the highest common factor of f and n?
6
Let b = -12 - -21. Let o(k) = -6 + 15 - 6 - 35*k - 6 - 4. Let r be o(-2). Calculate the highest common divisor of b and r.
9
Suppose 13150 = u + 153*j - 152*j, 3*u - 39442 = -4*j. What is the greatest common factor of 43 and u?
43
Suppose -4*g - 18 = 6. Let y be (11/((-44)/(-120)))/((-2)/g). Suppose 14*f - y = 5*f. Calculate the highest common divisor of 10 and f.
10
Suppose -5*s - 2 = -2*x - 4, -16 = -4*s - 2*x. Suppose -148*t + 222 = -37*t. Suppose u - s = -4, -t*u = 3*r - 2. What is the greatest common factor of 22 and r?
2
Suppose -2656 = -2*o + 57*z - 55*z, 3*z + 9 = 0. Suppose b = -4*g - g + 38, -g = -5*b + 268. Calculate the greatest common divisor of o and b.
53
Let t be 75/(-1125)*0 - (4*-59 - -1). Calculate the highest common divisor of t and 605.
5
Let n(k) = k**2 + 26*k + 52. Let h be n(-24). Suppose 0 = -h*y + 4 + 104. Calculate the highest common divisor of y and 72.
9
Let b = -251 - -248. Let q be (1819/(-34))/(b/18). What is the greatest common divisor of 428 and q?
107
Let m = -24760 + 25023. What is the highest common divisor of m and 3?
1
Let f(y) = -14*y + 54. Let i be f(-6). Suppose 0*v + 3*v = -3, -3*v = l - i. Calculate the highest common factor of 3 and l.
3
Suppose b + 39 = -3*r + 5*r, 219 = -5*b + 2*r. Let m be b/27 - 83/(-3). Calculate the greatest common factor of 13 and m.
13
Let b(f) = f + 55. Let g be b(17). Let y = 1241 - 881. What is the greatest common divisor of g and y?
72
Let d(i) = -2*i**3 + 51*i**2 - 91*i. Let x be d(17). Calculate the greatest common divisor of x and 54.
18
Let k = 1357 + 6769. Calculate the greatest common divisor of 34 and k.
34
Let s(t) = t**3 + 18*t**2 + 30*t - 21. Let h be s(-16). Calculate the highest common factor of 781 and h.
11
Suppose -28 + 237 = 19*d. Suppose d*o - 9 = 13. Suppose -5*s = 0, -3*s = o*c - 17 - 7. Calculate the greatest common factor of c and 12.
12
Let p be 1 + 0/3 + 3. Suppose p*c + 1 - 13 = 0. Suppose -c*f + 0 = -6. Calculate the greatest common factor of 2 and f.
2
Let h be (-58)/(-12) - 8/(-48). Suppose -l - h = -3*s, 3 = 3*s - 2*l + 2. Let p = s + 22. What is the highest common divisor of 50 and p?
25
Suppose 15*d + 5 = -40. Let v be ((-1590)/7)/d - (-16)/56. What is the highest common factor of v and 304?
76
Suppose -21*y + 34*y + 26 = 0. Let k be (2 - -18)*(-23 - -5)/y. What is the highest common factor of k and 50?
10
Let m = -10372 - -10394. Calculate the greatest common divisor of m and 275.
11
Let m = 447 - 102. Suppose 0 = 4*r - f - 227 - 29, 4*r - 272 = 2*f. What is the highest common factor of r and m?
15
Let b be 396/(-39) + 4 - -6 - 368/(-26). What is the highest common divisor of b and 21756?
14
Let x = -3462 - -4547. What is the highest common factor of x and 2387?
217
Let y = 12079 - 11915. Calculate the greatest common divisor of y and 15498.
82
Let k(f) = 259*f + 89. Let d be k(4). What is the greatest common divisor of d and 6?
3
Let r(o) = 111*o**2 + 70*o - 464. Let s be r(11). What is the highest common divisor of s and 57?
57
Let g = -26 + 34. Let c be (-3 - g/(-4))*-13. Suppose 0 = -6*s + 41 + c. What is the greatest common divisor of 45 and s?
9
Suppose 0 = 67*x - 77433 - 99179. Calculate the greatest common divisor of x and 16.
4
Let p = -204 - -255. Suppose -5*g = -p - 19. What is the highest common factor of g and 238?
14
Let i(g) = g + 12. Let h = -105 - -117. Let y be i(h). What is the highest common factor of y and 48?
24
Let k(u) = -199*u - 2019. Let c be k(-14). What is the greatest common factor of c and 949?
13
Suppose 172*h = 142*h + 2970. What is the greatest common factor of h and 2706?
33
Let z(v) = -v**3 - 26*v**2 - 4. Let s be z(-26). Let x be -96*(-6)/((-12)/s). What is the greatest common factor of 48 and x?
48
Suppose -33*o = -1549 + 625. Calculate the highest common divisor of o and 448.
28
Let k = 211 - 146. Suppose 3*o + 2718 = -3*l, 2*l + 2511 = -o + 701. Let w = -899 - l. What is the highest common factor of k and w?
5
Let h be (-221)/(-13) + 12 + -13. Calculate the highest common factor of h and 112.
16
Let n = -24431 - -24581. Calculate the greatest common factor of n and 690.
30
Let w(h) = -12*h + 4740. Let k be w(28). What is the highest common divisor of 12 and k?
12
Suppose -1526*s + 1554*s = -539 + 6335. Calculate the highest common divisor of 3611 and s.
23
Let a(r) = 393*r - 382. Let w be a(25). What is the greatest common divisor of 133 and w?
133
Suppose 4*k = -2*s + 172, 0 = -k - 2*k - 2*s + 131. Let v = 53 - k. Let c be -1 - (-9)/v - (-161)/4. Calculate the greatest common divisor of 10 and c.
10
Suppose -3220 = -9*w - 2635. What is the greatest common factor of 7 and w?
1
Suppose 4*m + 0 - 1 = 3*k, 5*k = 2*m + 17. Let i be 168 + k/5 + -4. Let g = -6 - -21. Calculate the highest common factor of g and i.
15
Let x(q) = -q + 25. Let n be (21/7)/(6 - 5). Let k be x(n). What is the highest common factor of 209 and k?
11
Let h = -147 - -247. Suppose 0 = -3*q - 2 - 1, 3*m = 4*q + 34. What is the highest common factor of h and m?
10
Let o = 533 + -535. Let f(v) = v + 7. Let h be f(-5). Let q be 1*(-155)/o*h. Calculate the greatest common factor of 31 and q.
31
Suppose 2*o - 134 = -0*o. Let z = o + -7. Let i = -955 + 967. What is the greatest common factor of i and z?
12
Let h = -1666 - -2722. What is the highest common factor of 132 and h?
132
Let w = 320 + -309. Suppose 34 = w*x - 10*x + 4*m, -m = -5*x + 170. What is the highest common divisor of 578 and x?
34
Suppose p - r = 5, 3*r = -5*p + 35 - 10. Suppose 0*t + 9 = b - 3*t, -b = p*t + 31. Let s be 118 + b*(-1)/(-2). Calculate the highest common divisor of s and 46.
23
Let k(w) = 39*w**2 - 1004*w. Let f be k(27). Calculate the highest common factor of 833 and f.
49
Let j(i) = 194*i**2 + 23*i - 1. Let p(u) = -194*u**2 - 28*u + 1. Let y(q) = 4*j(q) + 3*p(q). Let g be y(1). What is the highest common divisor of g and 3?
3
Suppose -324 = -229*b + 202*b. What is the highest common divisor of 600 and b?
12
Suppose 121*a + 1909 - 3284 = 3223. Calculate the greatest common factor of 2 and a.
2
Suppose -2*b = -3*b + 13. Suppose 2*r + 9 = b. Let c be 33/r*((-66)/(-9) - -4). What is the highest common factor of c and 17?
17
Let z(t) = -214 + 552*t + 634*t - 1273*t. Let y be z(-6). What is the highest common divisor of y and 44?
44
Suppose 0 = -5*r + 3*r + 252. Let h(y) = 16*y - 22. Let w be h(7). Calculate the greatest common divisor of w and r.
18
Let h(l) = -29*l - 1. Let j be h(3). Let i = 56 - j. Suppose -5*q - 5*z = -z - i, -4 = -4*z. What is the greatest common divisor of q and 7?
7
Suppose -3*p - 5*m + 80 = 0, -3*p - 3*m = 19 - 109. Suppose 0 = -13*t + 108 + p. What is the highest common factor of t and 77?
11
Let l(m) = 10*m - 1. Let k be l(5). Let i = 184 - 196. Let j be ((-21)/i)/((-1)/(-4)). What is the greatest common divisor of k and j